{"id":72,"date":"2017-04-03T14:54:32","date_gmt":"2017-04-03T17:54:32","guid":{"rendered":"http:\/\/www.labsg.net\/?page_id=72"},"modified":"2021-12-07T16:21:59","modified_gmt":"2021-12-07T19:21:59","slug":"laboratorio-de-fotografia","status":"publish","type":"page","link":"https:\/\/blogfca.pucminas.br\/labsg\/o-labsg\/laboratorio-de-fotografia\/","title":{"rendered":"Laborat\u00f3rio de Fotografia"},"content":{"rendered":"<p><a data-flickr-embed='true' href='https:\/\/www.flickr.com\/photos\/fotolabsg\/albums\/72157682249462570' title='foto.lab \/\/ lab by fotoLAB SG, on Flickr'><img src='https:\/\/live.staticflickr.com\/4274\/34468434290_b3b1e9cfb8.jpg' width='800' height='600' alt='_fotoLAB_201705_espa\u00e7osFilmes_0003'><\/a><script async src='https:\/\/embedr.flickr.com\/assets\/client-code.js' charset='utf-8'><\/script><\/p>\n<p><span style=\"font-family: 'Liberation Sans', sans-serif;\">O laborat\u00f3rio de fotografia, carinhosamente chamado de LabFoto, \u00e9 um espa\u00e7o de produ\u00e7\u00e3o e experimenta\u00e7\u00e3o tendo como produto principal a fotografia. O espa\u00e7o existe para auxiliar alunos e professores dos cursos de <a href=\"http:\/\/www.pucminas.br\/unidade\/sao-gabriel\/Paginas\/default.aspx\"><strong>Comunica\u00e7\u00e3o Social da PUC Minas \u2013 Unidade S\u00e3o Gabriel<\/strong> <\/a>no desenvolvimento de atividades pedag\u00f3gicas e, tamb\u00e9m, em trabalhos e projetos que explorem meios de produ\u00e7\u00e3o imag\u00e9tica em suas formas: art\u00edstica, documental, experimental, artesanal, etc. <\/span><\/p>\n<p><span style=\"font-family: 'Liberation Sans', sans-serif;\">O LabFoto funciona como ponto de apoio para amadurecimento de ideias, por isso conta com diferentes espa\u00e7os e com atividades que se desdobram por caminhos como: <\/span><\/p>\n<p><strong><span style=\"font-family: 'Liberation Sans', sans-serif;\">Fotografia Anal\u00f3gica<\/span><\/strong><\/p>\n<p><span style=\"font-family: 'Liberation Sans', sans-serif;\">Produ\u00e7\u00e3o fotogr\u00e1fica com c\u00e2meras SLR em pel\u00edcula de 35mm.<\/span><\/p>\n<p>&nbsp;<\/p>\n<p><strong><span style=\"font-family: 'Liberation Sans', sans-serif;\">Laborat\u00f3rio P&amp;B<\/span><\/strong><\/p>\n<p><span style=\"font-family: 'Liberation Sans', sans-serif;\">Revela\u00e7\u00e3o de filme e amplia\u00e7\u00e3o em laborat\u00f3rio qu\u00edmico P&amp;B.<\/span><\/p>\n<p>&nbsp;<\/p>\n<p><strong><span style=\"font-family: 'Liberation Sans', sans-serif;\">Fotografia Digital<\/span><\/strong><\/p>\n<p><span style=\"font-family: 'Liberation Sans', sans-serif;\">Produ\u00e7\u00e3o fotogr\u00e1fica com c\u00e2meras DSLR.<\/span><\/p>\n<p>&nbsp;<\/p>\n<p><strong><span style=\"font-family: 'Liberation Sans', sans-serif;\">Est\u00fadio Fotogr\u00e1fico<\/span><\/strong><\/p>\n<p><span style=\"font-family: 'Liberation Sans', sans-serif;\">Produ\u00e7\u00e3o de fotografia com luz controlada em est\u00fadio.<\/span><\/p>\n<p>&nbsp;<\/p>\n<p><strong><span style=\"font-family: 'Liberation Sans', sans-serif;\">P\u00f3s-produ\u00e7\u00e3o e Produ\u00e7\u00e3o Gr\u00e1fica<\/span><\/strong><\/p>\n<p><span style=\"font-family: 'Liberation Sans', sans-serif;\">P\u00f3s-produ\u00e7\u00e3o de imagens (tratamento com programas como Photoshop, Gimp, Krita e Lightroom) e assessoria em design gr\u00e1fico (programas Illustrator, Indesign).<\/span><\/p>\n<p>&nbsp;<\/p>\n<p><strong><span style=\"font-family: 'Liberation Sans', sans-serif;\">Artes Visuais<\/span><\/strong><\/p>\n<p><span style=\"font-family: 'Liberation Sans', sans-serif;\">Promo\u00e7\u00e3o de experi\u00eancias no campo das artes visuais, como capacita\u00e7\u00f5es, palestras, assessoria em trabalhos, eventos, exposi\u00e7\u00f5es, debates, encontros e, principalmente, produ\u00e7\u00e3o de trabalhos em fotografia experimental.<\/span><\/p>\n<p>&nbsp;<\/p>\n<p><span style=\"font-family: 'Liberation Sans', sans-serif;\">O LabFoto conta com uma equipe formado por um t\u00e9cnico em fotografia e monitores capacitados para dar suporte as demandas dos alunos e professores dos cursos auxiliando nos trabalhos, tirando d\u00favidas, ajudando a desenvolver ideias e projetos. Al\u00e9m do pessoal bacana que se envolve no LabFoto, o espa\u00e7o disp\u00f5e de equipamento como c\u00e2meras digitais DSLR e c\u00e2meras anal\u00f3gicas SLR; laborat\u00f3rio para fotografia anal\u00f3gica com a possibilidade de revela\u00e7\u00e3o de negativos e amplia\u00e7\u00e3o de fotos em preto e branco, al\u00e9m de atividades com fotografia pinhole; est\u00fadio equipado com fundo infinito (branco, preto e cinza), equipamentos de ilumina\u00e7\u00e3o como flash, softbox, rebatedores; um central de p\u00f3s-produ\u00e7\u00e3o com computadores com programas para edi\u00e7\u00e3o e tratamento de imagens, al\u00e9m de acompanhamento de produ\u00e7\u00e3o gr\u00e1fica.<\/span><\/p>\n<p><span style=\"font-family: 'Liberation Sans', sans-serif;\">Venha conhecer o LabFotoe bater um papo com nossa equipe. Contate-nos pelo e-mail: <a href=\"mailto:labfoto.sg@pucminas.br\">labfoto.sg@pucminas.br<\/a> ou pelo telefone (31) 3439-5283.\u00a0<\/span><\/p>\n<p>&nbsp;<\/p>\n<p><span style=\"font-family: 'Liberation Sans', sans-serif;\">Conhe\u00e7a e siga as atividades desenvolvidas pelo fotoLAB<\/span><\/p>\n<p><span style=\"font-family: 'Liberation Sans', sans-serif;\"><a href=\"https:\/\/www.instagram.com\/lab.sg\/\">www.instagram.com\/lab.sg\/ <\/a>\u00a0 | \u00a0 <a href=\"https:\/\/www.flickr.com\/photos\/fotolabsg\">\u00a0<\/a><\/span><span style=\"font-family: 'Liberation Sans', sans-serif;\"><a href=\"https:\/\/www.flickr.com\/fotolabsg\">www.flickr.com\/fotolabsg<\/a> \u00a0 \u00a0| \u00a0 \u00a0<\/span><a href=\"https:\/\/fotolabsg.tumblr.com\/\"><span style=\"font-family: 'Liberation Sans', sans-serif;\">fotolabsg.tumblr.com<\/span><\/a><\/p>\n","protected":false},"excerpt":{"rendered":"<p>O laborat\u00f3rio de fotografia, carinhosamente chamado de LabFoto, \u00e9 um espa\u00e7o de produ\u00e7\u00e3o e experimenta\u00e7\u00e3o tendo como produto principal a fotografia. O espa\u00e7o existe para auxiliar alunos e professores dos cursos de Comunica\u00e7\u00e3o Social da PUC Minas \u2013 Unidade S\u00e3o Gabriel no desenvolvimento de atividades pedag\u00f3gicas e, tamb\u00e9m, em trabalhos e projetos que explorem meios &hellip; <\/p>\n<p class=\"link-more\"><a href=\"https:\/\/blogfca.pucminas.br\/labsg\/o-labsg\/laboratorio-de-fotografia\/\" class=\"more-link\">Continue lendo<span class=\"screen-reader-text\"> &#8220;Laborat\u00f3rio de Fotografia&#8221;<\/span><\/a><\/p>\n","protected":false},"author":6,"featured_media":0,"parent":81,"menu_order":0,"comment_status":"closed","ping_status":"closed","template":"","meta":{"footnotes":""},"class_list":["post-72","page","type-page","status-publish","hentry"],"_links":{"self":[{"href":"https:\/\/blogfca.pucminas.br\/labsg\/wp-json\/wp\/v2\/pages\/72","targetHints":{"allow":["GET"]}}],"collection":[{"href":"https:\/\/blogfca.pucminas.br\/labsg\/wp-json\/wp\/v2\/pages"}],"about":[{"href":"https:\/\/blogfca.pucminas.br\/labsg\/wp-json\/wp\/v2\/types\/page"}],"author":[{"embeddable":true,"href":"https:\/\/blogfca.pucminas.br\/labsg\/wp-json\/wp\/v2\/users\/6"}],"replies":[{"embeddable":true,"href":"https:\/\/blogfca.pucminas.br\/labsg\/wp-json\/wp\/v2\/comments?post=72"}],"version-history":[{"count":1,"href":"https:\/\/blogfca.pucminas.br\/labsg\/wp-json\/wp\/v2\/pages\/72\/revisions"}],"predecessor-version":[{"id":23675,"href":"https:\/\/blogfca.pucminas.br\/labsg\/wp-json\/wp\/v2\/pages\/72\/revisions\/23675"}],"up":[{"embeddable":true,"href":"https:\/\/blogfca.pucminas.br\/labsg\/wp-json\/wp\/v2\/pages\/81"}],"wp:attachment":[{"href":"https:\/\/blogfca.pucminas.br\/labsg\/wp-json\/wp\/v2\/media?parent=72"}],"curies":[{"name":"wp","href":"https:\/\/api.w.org\/{rel}","templated":true}]}}