{"id":2744,"date":"2017-03-23T06:26:37","date_gmt":"2017-03-23T09:26:37","guid":{"rendered":"https:\/\/demo.themeum.com\/wordpress\/educon\/?page_id=2744"},"modified":"2020-08-10T16:55:48","modified_gmt":"2020-08-10T19:55:48","slug":"perguntas-frequentes","status":"publish","type":"page","link":"https:\/\/blogfca.pucminas.br\/colab\/perguntas-frequentes\/","title":{"rendered":"Perguntas frequentes"},"content":{"rendered":"[vc_row css=&#8221;.vc_custom_1490249927319{margin-bottom: 40px !important;}&#8221;][vc_column el_class=&#8221;padding-left15 educon-box-shadow&#8221; css=&#8221;.vc_custom_1490249838510{padding-top: 30px !important;padding-right: 30px !important;padding-bottom: 30px !important;padding-left: 30px !important;background-color: #ffffff !important;}&#8221;][vc_toggle title=&#8221;Quem pode participar do Colab?&#8221; style=&#8221;square&#8221; color=&#8221;purple&#8221; open=&#8221;true&#8221; custom_font_container=&#8221;tag:h2|font_size:16px|text_align:left|color:%23000000&#8243; custom_google_fonts=&#8221;font_family:Open%20Sans%3A300%2C300italic%2Cregular%2Citalic%2C600%2C600italic%2C700%2C700italic%2C800%2C800italic|font_style:400%20regular%3A400%3Anormal&#8221; use_custom_heading=&#8221;true&#8221;]Qualquer aluna ou aluno com matr\u00edcula regular em um dos cursos da Faculdade de Comunica\u00e7\u00e3o e Artes da PUC Minas pode enviar suas colabora\u00e7\u00f5es para o Colab, voluntariamente.<\/p>\n<p>A sele\u00e7\u00e3o de monitores remunerados \u00e9 feita periodicamente a cada semestre &#8211; fique atento aos informes internos da Faculdade!<\/p>\n<p>Acolhemos sugest\u00f5es de conte\u00fados variados, como campanhas, document\u00e1rios, s\u00e9ries de reportagem em v\u00eddeo ou em \u00e1udio, cr\u00edticas e resenhas.<\/p>\n<p>Docentes e discentes da p\u00f3s-gradua\u00e7\u00e3o tamb\u00e9m podem sugerir projetos e conte\u00fados para serem incorporados ao Colab.<\/p>\n<p>Tem uma ideia? Escreva pra gente: colab.pucminas[@]gmail.com[\/vc_toggle][vc_toggle title=&#8221;Como posso enviar minha sugest\u00e3o de pauta ou conte\u00fado?&#8221; style=&#8221;square&#8221; color=&#8221;purple&#8221; custom_font_container=&#8221;tag:h2|font_size:16px|text_align:left|color:%23000000&#8243; custom_google_fonts=&#8221;font_family:Open%20Sans%3A300%2C300italic%2Cregular%2Citalic%2C600%2C600italic%2C700%2C700italic%2C800%2C800italic|font_style:400%20regular%3A400%3Anormal&#8221; use_custom_heading=&#8221;true&#8221;]Escreva pra gente no colab.pucminas[@]gmail.com ou venha tomar um caf\u00e9 no terceiro andar do pr\u00e9dio 42, no <em>campus<\/em> Cora\u00e7\u00e3o Eucar\u00edstico![\/vc_toggle][vc_toggle title=&#8221;Por que meu texto ainda n\u00e3o foi publicado?&#8221; style=&#8221;square&#8221; color=&#8221;purple&#8221; custom_font_container=&#8221;tag:h2|font_size:16px|text_align:left|color:%23000000&#8243; custom_google_fonts=&#8221;font_family:Open%20Sans%3A300%2C300italic%2Cregular%2Citalic%2C600%2C600italic%2C700%2C700italic%2C800%2C800italic|font_style:400%20regular%3A400%3Anormal&#8221; use_custom_heading=&#8221;true&#8221;]Para garantir as boas pr\u00e1ticas de reda\u00e7\u00e3o em ambiente digital e a publica\u00e7\u00e3o de conte\u00fados eticamente comprometidos com os princ\u00edpios da forma\u00e7\u00e3o da PUC Minas, todo texto que chega ao Colab passa por processos de revis\u00e3o e edi\u00e7\u00e3o.<\/p>\n<p>Pode ser que seu texto demande corre\u00e7\u00f5es e ajustes. Nesses casos, entraremos em contato com voc\u00ea para passar as orienta\u00e7\u00f5es.[\/vc_toggle][vc_toggle title=&#8221;N\u00e3o tenho v\u00ednculo com a PUC, mas tenho uma sugest\u00e3o, posso enviar?&#8221; style=&#8221;square&#8221; color=&#8221;purple&#8221; custom_font_container=&#8221;tag:h2|font_size:16px|text_align:left|color:%23000000&#8243; custom_google_fonts=&#8221;font_family:Open%20Sans%3A300%2C300italic%2Cregular%2Citalic%2C600%2C600italic%2C700%2C700italic%2C800%2C800italic|font_style:400%20regular%3A400%3Anormal&#8221; use_custom_heading=&#8221;true&#8221;]Sugest\u00f5es de pauta s\u00e3o sempre bem-vindas e podem ser encaminhadas para o e-mail colab.pucminas[@]gmail.com.<\/p>\n<p>Nossas editoras v\u00e3o avaliar a ideia e encaminhar para um de nossos colaboradores.[\/vc_toggle][\/vc_column][\/vc_row]\n","protected":false},"excerpt":{"rendered":"<p>[vc_row css=&#8221;.vc_custom_1490249927319{margin-bottom: 40px !important;}&#8221;][vc_column el_class=&#8221;padding-left15 educon-box-shadow&#8221; css=&#8221;.vc_custom_1490249838510{padding-top: 30px !important;padding-right: 30px !important;padding-bottom: 30px !important;padding-left: 30px !important;background-color: #ffffff !important;}&#8221;][vc_toggle title=&#8221;Quem pode participar do Colab?&#8221; style=&#8221;square&#8221; color=&#8221;purple&#8221; open=&#8221;true&#8221; custom_font_container=&#8221;tag:h2|font_size:16px|text_align:left|color:%23000000&#8243; custom_google_fonts=&#8221;font_family:Open%20Sans%3A300%2C300italic%2Cregular%2Citalic%2C600%2C600italic%2C700%2C700italic%2C800%2C800italic|font_style:400%20regular%3A400%3Anormal&#8221; use_custom_heading=&#8221;true&#8221;]Qualquer aluna ou aluno com matr\u00edcula regular em um dos cursos da Faculdade de Comunica\u00e7\u00e3o e Artes da PUC Minas pode enviar suas colabora\u00e7\u00f5es para o Colab, voluntariamente. [&hellip;]<\/p>\n","protected":false},"author":7,"featured_media":0,"parent":0,"menu_order":0,"comment_status":"closed","ping_status":"closed","template":"","meta":{"_eb_attr":"","ngg_post_thumbnail":0,"footnotes":""},"class_list":["post-2744","page","type-page","status-publish","hentry"],"yoast_head":"<!-- This site is optimized with the Yoast SEO plugin v27.4 - https:\/\/yoast.com\/product\/yoast-seo-wordpress\/ -->\n<title>Perguntas frequentes - Colab<\/title>\n<meta name=\"robots\" content=\"index, follow, max-snippet:-1, max-image-preview:large, max-video-preview:-1\" \/>\n<link rel=\"canonical\" href=\"https:\/\/blogfca.pucminas.br\/colab\/perguntas-frequentes\/\" \/>\n<meta property=\"og:locale\" content=\"pt_BR\" \/>\n<meta property=\"og:type\" content=\"article\" \/>\n<meta property=\"og:title\" content=\"Perguntas frequentes - Colab\" \/>\n<meta property=\"og:description\" content=\"[vc_row css=&#8221;.vc_custom_1490249927319{margin-bottom: 40px !important;}&#8221;][vc_column el_class=&#8221;padding-left15 educon-box-shadow&#8221; css=&#8221;.vc_custom_1490249838510{padding-top: 30px !important;padding-right: 30px !important;padding-bottom: 30px !important;padding-left: 30px !important;background-color: #ffffff !important;}&#8221;][vc_toggle title=&#8221;Quem pode participar do Colab?&#8221; style=&#8221;square&#8221; color=&#8221;purple&#8221; open=&#8221;true&#8221; custom_font_container=&#8221;tag:h2|font_size:16px|text_align:left|color:%23000000&#8243; custom_google_fonts=&#8221;font_family:Open%20Sans%3A300%2C300italic%2Cregular%2Citalic%2C600%2C600italic%2C700%2C700italic%2C800%2C800italic|font_style:400%20regular%3A400%3Anormal&#8221; use_custom_heading=&#8221;true&#8221;]Qualquer aluna ou aluno com matr\u00edcula regular em um dos cursos da Faculdade de Comunica\u00e7\u00e3o e Artes da PUC Minas pode enviar suas colabora\u00e7\u00f5es para o Colab, voluntariamente. [&hellip;]\" \/>\n<meta property=\"og:url\" content=\"https:\/\/blogfca.pucminas.br\/colab\/perguntas-frequentes\/\" \/>\n<meta property=\"og:site_name\" content=\"Colab\" \/>\n<meta property=\"article:publisher\" content=\"https:\/\/www.facebook.com\/colabpucminas\" \/>\n<meta property=\"article:modified_time\" content=\"2020-08-10T19:55:48+00:00\" \/>\n<meta name=\"twitter:card\" content=\"summary_large_image\" \/>\n<meta name=\"twitter:site\" content=\"@colabpucminas\" \/>\n<meta name=\"twitter:label1\" content=\"Est. tempo de leitura\" \/>\n\t<meta name=\"twitter:data1\" content=\"3 minutos\" \/>\n<script type=\"application\/ld+json\" class=\"yoast-schema-graph\">{\"@context\":\"https:\\\/\\\/schema.org\",\"@graph\":[{\"@type\":\"WebPage\",\"@id\":\"https:\\\/\\\/blogfca.pucminas.br\\\/colab\\\/perguntas-frequentes\\\/\",\"url\":\"https:\\\/\\\/blogfca.pucminas.br\\\/colab\\\/perguntas-frequentes\\\/\",\"name\":\"Perguntas frequentes - Colab\",\"isPartOf\":{\"@id\":\"https:\\\/\\\/blogfca.pucminas.br\\\/colab\\\/#website\"},\"datePublished\":\"2017-03-23T09:26:37+00:00\",\"dateModified\":\"2020-08-10T19:55:48+00:00\",\"breadcrumb\":{\"@id\":\"https:\\\/\\\/blogfca.pucminas.br\\\/colab\\\/perguntas-frequentes\\\/#breadcrumb\"},\"inLanguage\":\"pt-BR\",\"potentialAction\":[{\"@type\":\"ReadAction\",\"target\":[\"https:\\\/\\\/blogfca.pucminas.br\\\/colab\\\/perguntas-frequentes\\\/\"]}]},{\"@type\":\"BreadcrumbList\",\"@id\":\"https:\\\/\\\/blogfca.pucminas.br\\\/colab\\\/perguntas-frequentes\\\/#breadcrumb\",\"itemListElement\":[{\"@type\":\"ListItem\",\"position\":1,\"name\":\"In\u00edcio\",\"item\":\"https:\\\/\\\/blogfca.pucminas.br\\\/colab\\\/\"},{\"@type\":\"ListItem\",\"position\":2,\"name\":\"Perguntas frequentes\"}]},{\"@type\":\"WebSite\",\"@id\":\"https:\\\/\\\/blogfca.pucminas.br\\\/colab\\\/#website\",\"url\":\"https:\\\/\\\/blogfca.pucminas.br\\\/colab\\\/\",\"name\":\"Colab\",\"description\":\"Experimenta\u00e7\u00e3o, conte\u00fado e colabora\u00e7\u00e3o em Jornalismo Digital\",\"publisher\":{\"@id\":\"https:\\\/\\\/blogfca.pucminas.br\\\/colab\\\/#organization\"},\"potentialAction\":[{\"@type\":\"SearchAction\",\"target\":{\"@type\":\"EntryPoint\",\"urlTemplate\":\"https:\\\/\\\/blogfca.pucminas.br\\\/colab\\\/?s={search_term_string}\"},\"query-input\":{\"@type\":\"PropertyValueSpecification\",\"valueRequired\":true,\"valueName\":\"search_term_string\"}}],\"inLanguage\":\"pt-BR\"},{\"@type\":\"Organization\",\"@id\":\"https:\\\/\\\/blogfca.pucminas.br\\\/colab\\\/#organization\",\"name\":\"Colab :: Laborat\u00f3rio de Comunica\u00e7\u00e3o Digital da FCA \\\/ PUC Minas\",\"url\":\"https:\\\/\\\/blogfca.pucminas.br\\\/colab\\\/\",\"logo\":{\"@type\":\"ImageObject\",\"inLanguage\":\"pt-BR\",\"@id\":\"https:\\\/\\\/blogfca.pucminas.br\\\/colab\\\/#\\\/schema\\\/logo\\\/image\\\/\",\"url\":\"https:\\\/\\\/blogfca.pucminas.br\\\/colab\\\/wp-content\\\/uploads\\\/2020\\\/03\\\/Avatar-Colab.jpg\",\"contentUrl\":\"https:\\\/\\\/blogfca.pucminas.br\\\/colab\\\/wp-content\\\/uploads\\\/2020\\\/03\\\/Avatar-Colab.jpg\",\"width\":1682,\"height\":1682,\"caption\":\"Colab :: Laborat\u00f3rio de Comunica\u00e7\u00e3o Digital da FCA \\\/ PUC Minas\"},\"image\":{\"@id\":\"https:\\\/\\\/blogfca.pucminas.br\\\/colab\\\/#\\\/schema\\\/logo\\\/image\\\/\"},\"sameAs\":[\"https:\\\/\\\/www.facebook.com\\\/colabpucminas\",\"https:\\\/\\\/x.com\\\/colabpucminas\",\"https:\\\/\\\/www.instagram.com\\\/colabpucminas\\\/\",\"https:\\\/\\\/www.linkedin.com\\\/company\\\/colab-puc-minas\",\"https:\\\/\\\/www.youtube.com\\\/channel\\\/UC14mKIqnnGCOgVr4DG6FPkA\"]}]}<\/script>\n<!-- \/ Yoast SEO plugin. -->","yoast_head_json":{"title":"Perguntas frequentes - Colab","robots":{"index":"index","follow":"follow","max-snippet":"max-snippet:-1","max-image-preview":"max-image-preview:large","max-video-preview":"max-video-preview:-1"},"canonical":"https:\/\/blogfca.pucminas.br\/colab\/perguntas-frequentes\/","og_locale":"pt_BR","og_type":"article","og_title":"Perguntas frequentes - Colab","og_description":"[vc_row css=&#8221;.vc_custom_1490249927319{margin-bottom: 40px !important;}&#8221;][vc_column el_class=&#8221;padding-left15 educon-box-shadow&#8221; css=&#8221;.vc_custom_1490249838510{padding-top: 30px !important;padding-right: 30px !important;padding-bottom: 30px !important;padding-left: 30px !important;background-color: #ffffff !important;}&#8221;][vc_toggle title=&#8221;Quem pode participar do Colab?&#8221; style=&#8221;square&#8221; color=&#8221;purple&#8221; open=&#8221;true&#8221; custom_font_container=&#8221;tag:h2|font_size:16px|text_align:left|color:%23000000&#8243; custom_google_fonts=&#8221;font_family:Open%20Sans%3A300%2C300italic%2Cregular%2Citalic%2C600%2C600italic%2C700%2C700italic%2C800%2C800italic|font_style:400%20regular%3A400%3Anormal&#8221; use_custom_heading=&#8221;true&#8221;]Qualquer aluna ou aluno com matr\u00edcula regular em um dos cursos da Faculdade de Comunica\u00e7\u00e3o e Artes da PUC Minas pode enviar suas colabora\u00e7\u00f5es para o Colab, voluntariamente. [&hellip;]","og_url":"https:\/\/blogfca.pucminas.br\/colab\/perguntas-frequentes\/","og_site_name":"Colab","article_publisher":"https:\/\/www.facebook.com\/colabpucminas","article_modified_time":"2020-08-10T19:55:48+00:00","twitter_card":"summary_large_image","twitter_site":"@colabpucminas","twitter_misc":{"Est. tempo de leitura":"3 minutos"},"schema":{"@context":"https:\/\/schema.org","@graph":[{"@type":"WebPage","@id":"https:\/\/blogfca.pucminas.br\/colab\/perguntas-frequentes\/","url":"https:\/\/blogfca.pucminas.br\/colab\/perguntas-frequentes\/","name":"Perguntas frequentes - Colab","isPartOf":{"@id":"https:\/\/blogfca.pucminas.br\/colab\/#website"},"datePublished":"2017-03-23T09:26:37+00:00","dateModified":"2020-08-10T19:55:48+00:00","breadcrumb":{"@id":"https:\/\/blogfca.pucminas.br\/colab\/perguntas-frequentes\/#breadcrumb"},"inLanguage":"pt-BR","potentialAction":[{"@type":"ReadAction","target":["https:\/\/blogfca.pucminas.br\/colab\/perguntas-frequentes\/"]}]},{"@type":"BreadcrumbList","@id":"https:\/\/blogfca.pucminas.br\/colab\/perguntas-frequentes\/#breadcrumb","itemListElement":[{"@type":"ListItem","position":1,"name":"In\u00edcio","item":"https:\/\/blogfca.pucminas.br\/colab\/"},{"@type":"ListItem","position":2,"name":"Perguntas frequentes"}]},{"@type":"WebSite","@id":"https:\/\/blogfca.pucminas.br\/colab\/#website","url":"https:\/\/blogfca.pucminas.br\/colab\/","name":"Colab","description":"Experimenta\u00e7\u00e3o, conte\u00fado e colabora\u00e7\u00e3o em Jornalismo Digital","publisher":{"@id":"https:\/\/blogfca.pucminas.br\/colab\/#organization"},"potentialAction":[{"@type":"SearchAction","target":{"@type":"EntryPoint","urlTemplate":"https:\/\/blogfca.pucminas.br\/colab\/?s={search_term_string}"},"query-input":{"@type":"PropertyValueSpecification","valueRequired":true,"valueName":"search_term_string"}}],"inLanguage":"pt-BR"},{"@type":"Organization","@id":"https:\/\/blogfca.pucminas.br\/colab\/#organization","name":"Colab :: Laborat\u00f3rio de Comunica\u00e7\u00e3o Digital da FCA \/ PUC Minas","url":"https:\/\/blogfca.pucminas.br\/colab\/","logo":{"@type":"ImageObject","inLanguage":"pt-BR","@id":"https:\/\/blogfca.pucminas.br\/colab\/#\/schema\/logo\/image\/","url":"https:\/\/blogfca.pucminas.br\/colab\/wp-content\/uploads\/2020\/03\/Avatar-Colab.jpg","contentUrl":"https:\/\/blogfca.pucminas.br\/colab\/wp-content\/uploads\/2020\/03\/Avatar-Colab.jpg","width":1682,"height":1682,"caption":"Colab :: Laborat\u00f3rio de Comunica\u00e7\u00e3o Digital da FCA \/ PUC Minas"},"image":{"@id":"https:\/\/blogfca.pucminas.br\/colab\/#\/schema\/logo\/image\/"},"sameAs":["https:\/\/www.facebook.com\/colabpucminas","https:\/\/x.com\/colabpucminas","https:\/\/www.instagram.com\/colabpucminas\/","https:\/\/www.linkedin.com\/company\/colab-puc-minas","https:\/\/www.youtube.com\/channel\/UC14mKIqnnGCOgVr4DG6FPkA"]}]}},"amp_enabled":true,"_links":{"self":[{"href":"https:\/\/blogfca.pucminas.br\/colab\/wp-json\/wp\/v2\/pages\/2744","targetHints":{"allow":["GET"]}}],"collection":[{"href":"https:\/\/blogfca.pucminas.br\/colab\/wp-json\/wp\/v2\/pages"}],"about":[{"href":"https:\/\/blogfca.pucminas.br\/colab\/wp-json\/wp\/v2\/types\/page"}],"author":[{"embeddable":true,"href":"https:\/\/blogfca.pucminas.br\/colab\/wp-json\/wp\/v2\/users\/7"}],"replies":[{"embeddable":true,"href":"https:\/\/blogfca.pucminas.br\/colab\/wp-json\/wp\/v2\/comments?post=2744"}],"version-history":[{"count":8,"href":"https:\/\/blogfca.pucminas.br\/colab\/wp-json\/wp\/v2\/pages\/2744\/revisions"}],"predecessor-version":[{"id":4581,"href":"https:\/\/blogfca.pucminas.br\/colab\/wp-json\/wp\/v2\/pages\/2744\/revisions\/4581"}],"wp:attachment":[{"href":"https:\/\/blogfca.pucminas.br\/colab\/wp-json\/wp\/v2\/media?parent=2744"}],"curies":[{"name":"wp","href":"https:\/\/api.w.org\/{rel}","templated":true}]}}