{"id":873,"date":"2017-02-20T18:33:07","date_gmt":"2017-02-20T18:33:07","guid":{"rendered":"http:\/\/ccmpucminas.com\/?page_id=873"},"modified":"2017-02-20T18:33:07","modified_gmt":"2017-02-20T18:33:07","slug":"fatos-alternativos-a-possibilidade-de-uma-nova-verdade","status":"publish","type":"page","link":"https:\/\/blogfca.pucminas.br\/ccm\/fatos-alternativos-a-possibilidade-de-uma-nova-verdade\/","title":{"rendered":"Fatos Alternativos: A possibilidade de uma nova verdade"},"content":{"rendered":"<p style=\"text-align:justify;\"><strong>Por Roberto Barcelos<\/strong>. O jarg\u00e3o \u201c<em>all facts<\/em>\u201d (fatos alternativos) utilizado pela assessora especial do Donald Trump, Kellyanne Conway, chamou a aten\u00e7\u00e3o da imprensa estadunidense. A express\u00e3o foi uma quebra na rela\u00e7\u00e3o entre a ind\u00fastria de not\u00edcias e o governo, pois eles sempre se compreendiam quanto \u00e0 log\u00edstica eleitoral e pol\u00edtica quando lidavam com dados, fatos e eventos.<\/p>\n<p style=\"text-align:justify;\">A estrat\u00e9gia comunicacional adotada tenta suprir um dos principais pontos fracos do Trump, a imprensa. A possibilidade de uma nova interpreta\u00e7\u00e3o para o que \u00e9 divulgado sobre as suas capacidades como governante e popularidade \u00e9 pautada, mas isso de acordo com adeptos aos \u201cfatos alternativos\u201d. Para eles, a verdade \u00e9 tudo o que est\u00e1 ao seu favor.<\/p>\n<p style=\"text-align:justify;\">O jornalista Carlos Castilho escreveu em seu artigo \u201cA doutrina dos fatos alternativos\u201d que estamos na era da \u201cp\u00f3s-verdade\u201d, palavra escolhida pelo dicion\u00e1rio Oxford para o ano de 2016. De acordo com o dicion\u00e1rio, o termo \u00e9: \u201crelativo ou referente a circunst\u00e2ncias nas quais os fatos objetivos s\u00e3o menos influentes na opini\u00e3o p\u00fablica do que as emo\u00e7\u00f5es e as cren\u00e7as pessoais.\u201d<\/p>\n<p style=\"text-align:justify;\">O linguista russo Greimas pensou o conceito do Quadrado Semi\u00f3tico ao observar a posi\u00e7\u00e3o dos eixos sem\u00e2nticos da fala, principalmente a rela\u00e7\u00e3o do discurso em pontos antag\u00f4nicos ou semelhantes. Os \u201cfatos alternativos\u201d podem ser pensados da mesma forma, em uma rela\u00e7\u00e3o onde a verdade e a mentira se relacionam no \u201cser\u201d e \u201cn\u00e3o ser\u201d. A imprensa estadunidense enfrentar\u00e1 uma poss\u00edvel degladia\u00e7\u00e3o com a assessoria do Trump, pois o compromisso de anunciar fatos foi alterado pela busca inerente da verdade.<\/p>\n<div id=\"attachment_879\" style=\"width: 386px\" class=\"wp-caption aligncenter\"><img loading=\"lazy\" decoding=\"async\" aria-describedby=\"caption-attachment-879\" class=\" size-full wp-image-879 aligncenter\" src=\"http:\/\/www1.fca.pucminas.br\/ccm\/wp-content\/uploads\/2017\/02\/trump2.jpg\" alt=\"trump\" width=\"380\" height=\"300\" srcset=\"https:\/\/blogfca.pucminas.br\/ccm\/wp-content\/uploads\/2017\/02\/trump2.jpg 380w, https:\/\/blogfca.pucminas.br\/ccm\/wp-content\/uploads\/2017\/02\/trump2-300x237.jpg 300w\" sizes=\"auto, (max-width: 380px) 100vw, 380px\" \/><p id=\"caption-attachment-879\" class=\"wp-caption-text\">Imagem: Mike Luckovich<\/p><\/div>\n<p style=\"text-align:justify;\">Para saber mais, leia o <a href=\"http:\/\/observatoriodaimprensa.com.br\/credibilidade\/doutrina-dos-fatos-alternativas\/\">artigo<\/a> publicado no Observat\u00f3rio da Imprensa.<\/p>\n<p style=\"text-align:justify;\"><strong>Roberto Barcelos<\/strong> \u00e9 graduando do curso de jornalismo da PUC Minas e monitor do Centro de Cr\u00edtica da M\u00eddia.<\/p>\n","protected":false},"excerpt":{"rendered":"<p>Por Roberto Barcelos. O jarg\u00e3o \u201call facts\u201d (fatos alternativos) utilizado pela assessora especial do Donald Trump, Kellyanne Conway, chamou a aten\u00e7\u00e3o da imprensa estadunidense. A express\u00e3o foi uma quebra na rela\u00e7\u00e3o entre a ind\u00fastria de not\u00edcias e o governo, pois eles sempre se compreendiam quanto \u00e0 log\u00edstica eleitoral e pol\u00edtica quando lidavam com dados, fatos&hellip;<\/p>\n","protected":false},"author":16,"featured_media":0,"parent":0,"menu_order":0,"comment_status":"closed","ping_status":"closed","template":"","meta":{"footnotes":""},"class_list":["post-873","page","type-page","status-publish","hentry"],"yoast_head":"<!-- This site is optimized with the Yoast SEO plugin v27.2 - https:\/\/yoast.com\/product\/yoast-seo-wordpress\/ -->\n<title>Fatos Alternativos: A possibilidade de uma nova verdade - Centro de Cr\u00edtica Da M\u00eddia<\/title>\n<meta name=\"robots\" content=\"index, follow, max-snippet:-1, max-image-preview:large, max-video-preview:-1\" \/>\n<link rel=\"canonical\" href=\"https:\/\/blogfca.pucminas.br\/ccm\/fatos-alternativos-a-possibilidade-de-uma-nova-verdade\/\" \/>\n<meta property=\"og:locale\" content=\"pt_BR\" \/>\n<meta property=\"og:type\" content=\"article\" \/>\n<meta property=\"og:title\" content=\"Fatos Alternativos: A possibilidade de uma nova verdade - Centro de Cr\u00edtica Da M\u00eddia\" \/>\n<meta property=\"og:description\" content=\"Por Roberto Barcelos. O jarg\u00e3o \u201call facts\u201d (fatos alternativos) utilizado pela assessora especial do Donald Trump, Kellyanne Conway, chamou a aten\u00e7\u00e3o da imprensa estadunidense. A express\u00e3o foi uma quebra na rela\u00e7\u00e3o entre a ind\u00fastria de not\u00edcias e o governo, pois eles sempre se compreendiam quanto \u00e0 log\u00edstica eleitoral e pol\u00edtica quando lidavam com dados, fatos&hellip;\" \/>\n<meta property=\"og:url\" content=\"https:\/\/blogfca.pucminas.br\/ccm\/fatos-alternativos-a-possibilidade-de-uma-nova-verdade\/\" \/>\n<meta property=\"og:site_name\" content=\"Centro de Cr\u00edtica Da M\u00eddia\" \/>\n<meta property=\"article:publisher\" content=\"https:\/\/www.facebook.com\/ccmpucminas\/?ref=settings\" \/>\n<meta property=\"og:image\" content=\"http:\/\/www1.fca.pucminas.br\/ccm\/wp-content\/uploads\/2017\/02\/trump2.jpg\" \/>\n<meta name=\"twitter:card\" content=\"summary_large_image\" \/>\n<meta name=\"twitter:site\" content=\"@ccmpucminas\" \/>\n<meta name=\"twitter:label1\" content=\"Est. tempo de leitura\" \/>\n\t<meta name=\"twitter:data1\" content=\"2 minutos\" \/>\n<script type=\"application\/ld+json\" class=\"yoast-schema-graph\">{\"@context\":\"https:\/\/schema.org\",\"@graph\":[{\"@type\":\"WebPage\",\"@id\":\"https:\/\/blogfca.pucminas.br\/ccm\/fatos-alternativos-a-possibilidade-de-uma-nova-verdade\/\",\"url\":\"https:\/\/blogfca.pucminas.br\/ccm\/fatos-alternativos-a-possibilidade-de-uma-nova-verdade\/\",\"name\":\"Fatos Alternativos: A possibilidade de uma nova verdade - Centro de Cr\u00edtica Da M\u00eddia\",\"isPartOf\":{\"@id\":\"https:\/\/blogfca.pucminas.br\/ccm\/#website\"},\"primaryImageOfPage\":{\"@id\":\"https:\/\/blogfca.pucminas.br\/ccm\/fatos-alternativos-a-possibilidade-de-uma-nova-verdade\/#primaryimage\"},\"image\":{\"@id\":\"https:\/\/blogfca.pucminas.br\/ccm\/fatos-alternativos-a-possibilidade-de-uma-nova-verdade\/#primaryimage\"},\"thumbnailUrl\":\"http:\/\/www1.fca.pucminas.br\/ccm\/wp-content\/uploads\/2017\/02\/trump2.jpg\",\"datePublished\":\"2017-02-20T18:33:07+00:00\",\"breadcrumb\":{\"@id\":\"https:\/\/blogfca.pucminas.br\/ccm\/fatos-alternativos-a-possibilidade-de-uma-nova-verdade\/#breadcrumb\"},\"inLanguage\":\"pt-BR\",\"potentialAction\":[{\"@type\":\"ReadAction\",\"target\":[\"https:\/\/blogfca.pucminas.br\/ccm\/fatos-alternativos-a-possibilidade-de-uma-nova-verdade\/\"]}]},{\"@type\":\"ImageObject\",\"inLanguage\":\"pt-BR\",\"@id\":\"https:\/\/blogfca.pucminas.br\/ccm\/fatos-alternativos-a-possibilidade-de-uma-nova-verdade\/#primaryimage\",\"url\":\"http:\/\/www1.fca.pucminas.br\/ccm\/wp-content\/uploads\/2017\/02\/trump2.jpg\",\"contentUrl\":\"http:\/\/www1.fca.pucminas.br\/ccm\/wp-content\/uploads\/2017\/02\/trump2.jpg\"},{\"@type\":\"BreadcrumbList\",\"@id\":\"https:\/\/blogfca.pucminas.br\/ccm\/fatos-alternativos-a-possibilidade-de-uma-nova-verdade\/#breadcrumb\",\"itemListElement\":[{\"@type\":\"ListItem\",\"position\":1,\"name\":\"Home\",\"item\":\"https:\/\/blogfca.pucminas.br\/ccm\/\"},{\"@type\":\"ListItem\",\"position\":2,\"name\":\"Fatos Alternativos: A possibilidade de uma nova verdade\"}]},{\"@type\":\"WebSite\",\"@id\":\"https:\/\/blogfca.pucminas.br\/ccm\/#website\",\"url\":\"https:\/\/blogfca.pucminas.br\/ccm\/\",\"name\":\"Centro de Cr\u00edtica da M\u00eddia\",\"description\":\"\",\"publisher\":{\"@id\":\"https:\/\/blogfca.pucminas.br\/ccm\/#organization\"},\"potentialAction\":[{\"@type\":\"SearchAction\",\"target\":{\"@type\":\"EntryPoint\",\"urlTemplate\":\"https:\/\/blogfca.pucminas.br\/ccm\/?s={search_term_string}\"},\"query-input\":{\"@type\":\"PropertyValueSpecification\",\"valueRequired\":true,\"valueName\":\"search_term_string\"}}],\"inLanguage\":\"pt-BR\"},{\"@type\":\"Organization\",\"@id\":\"https:\/\/blogfca.pucminas.br\/ccm\/#organization\",\"name\":\"Centro de Cirtica da M\u00eddia\",\"url\":\"https:\/\/blogfca.pucminas.br\/ccm\/\",\"logo\":{\"@type\":\"ImageObject\",\"inLanguage\":\"pt-BR\",\"@id\":\"https:\/\/blogfca.pucminas.br\/ccm\/#\/schema\/logo\/image\/\",\"url\":\"https:\/\/blogfca.pucminas.br\/ccm\/wp-content\/uploads\/2016\/11\/logo-ccm-preto.png\",\"contentUrl\":\"https:\/\/blogfca.pucminas.br\/ccm\/wp-content\/uploads\/2016\/11\/logo-ccm-preto.png\",\"width\":1191,\"height\":842,\"caption\":\"Centro de Cirtica da M\u00eddia\"},\"image\":{\"@id\":\"https:\/\/blogfca.pucminas.br\/ccm\/#\/schema\/logo\/image\/\"},\"sameAs\":[\"https:\/\/www.facebook.com\/ccmpucminas\/?ref=settings\",\"https:\/\/x.com\/ccmpucminas\",\"https:\/\/www.instagram.com\/ccmpucminas\/?hl=pt-br\",\"https:\/\/www.youtube.com\/channel\/UCpKbhzfoQXgXVhkWlxSuW2w\"]}]}<\/script>\n<!-- \/ Yoast SEO plugin. -->","yoast_head_json":{"title":"Fatos Alternativos: A possibilidade de uma nova verdade - Centro de Cr\u00edtica Da M\u00eddia","robots":{"index":"index","follow":"follow","max-snippet":"max-snippet:-1","max-image-preview":"max-image-preview:large","max-video-preview":"max-video-preview:-1"},"canonical":"https:\/\/blogfca.pucminas.br\/ccm\/fatos-alternativos-a-possibilidade-de-uma-nova-verdade\/","og_locale":"pt_BR","og_type":"article","og_title":"Fatos Alternativos: A possibilidade de uma nova verdade - Centro de Cr\u00edtica Da M\u00eddia","og_description":"Por Roberto Barcelos. O jarg\u00e3o \u201call facts\u201d (fatos alternativos) utilizado pela assessora especial do Donald Trump, Kellyanne Conway, chamou a aten\u00e7\u00e3o da imprensa estadunidense. A express\u00e3o foi uma quebra na rela\u00e7\u00e3o entre a ind\u00fastria de not\u00edcias e o governo, pois eles sempre se compreendiam quanto \u00e0 log\u00edstica eleitoral e pol\u00edtica quando lidavam com dados, fatos&hellip;","og_url":"https:\/\/blogfca.pucminas.br\/ccm\/fatos-alternativos-a-possibilidade-de-uma-nova-verdade\/","og_site_name":"Centro de Cr\u00edtica Da M\u00eddia","article_publisher":"https:\/\/www.facebook.com\/ccmpucminas\/?ref=settings","og_image":[{"url":"http:\/\/www1.fca.pucminas.br\/ccm\/wp-content\/uploads\/2017\/02\/trump2.jpg","type":"","width":"","height":""}],"twitter_card":"summary_large_image","twitter_site":"@ccmpucminas","twitter_misc":{"Est. tempo de leitura":"2 minutos"},"schema":{"@context":"https:\/\/schema.org","@graph":[{"@type":"WebPage","@id":"https:\/\/blogfca.pucminas.br\/ccm\/fatos-alternativos-a-possibilidade-de-uma-nova-verdade\/","url":"https:\/\/blogfca.pucminas.br\/ccm\/fatos-alternativos-a-possibilidade-de-uma-nova-verdade\/","name":"Fatos Alternativos: A possibilidade de uma nova verdade - Centro de Cr\u00edtica Da M\u00eddia","isPartOf":{"@id":"https:\/\/blogfca.pucminas.br\/ccm\/#website"},"primaryImageOfPage":{"@id":"https:\/\/blogfca.pucminas.br\/ccm\/fatos-alternativos-a-possibilidade-de-uma-nova-verdade\/#primaryimage"},"image":{"@id":"https:\/\/blogfca.pucminas.br\/ccm\/fatos-alternativos-a-possibilidade-de-uma-nova-verdade\/#primaryimage"},"thumbnailUrl":"http:\/\/www1.fca.pucminas.br\/ccm\/wp-content\/uploads\/2017\/02\/trump2.jpg","datePublished":"2017-02-20T18:33:07+00:00","breadcrumb":{"@id":"https:\/\/blogfca.pucminas.br\/ccm\/fatos-alternativos-a-possibilidade-de-uma-nova-verdade\/#breadcrumb"},"inLanguage":"pt-BR","potentialAction":[{"@type":"ReadAction","target":["https:\/\/blogfca.pucminas.br\/ccm\/fatos-alternativos-a-possibilidade-de-uma-nova-verdade\/"]}]},{"@type":"ImageObject","inLanguage":"pt-BR","@id":"https:\/\/blogfca.pucminas.br\/ccm\/fatos-alternativos-a-possibilidade-de-uma-nova-verdade\/#primaryimage","url":"http:\/\/www1.fca.pucminas.br\/ccm\/wp-content\/uploads\/2017\/02\/trump2.jpg","contentUrl":"http:\/\/www1.fca.pucminas.br\/ccm\/wp-content\/uploads\/2017\/02\/trump2.jpg"},{"@type":"BreadcrumbList","@id":"https:\/\/blogfca.pucminas.br\/ccm\/fatos-alternativos-a-possibilidade-de-uma-nova-verdade\/#breadcrumb","itemListElement":[{"@type":"ListItem","position":1,"name":"Home","item":"https:\/\/blogfca.pucminas.br\/ccm\/"},{"@type":"ListItem","position":2,"name":"Fatos Alternativos: A possibilidade de uma nova verdade"}]},{"@type":"WebSite","@id":"https:\/\/blogfca.pucminas.br\/ccm\/#website","url":"https:\/\/blogfca.pucminas.br\/ccm\/","name":"Centro de Cr\u00edtica da M\u00eddia","description":"","publisher":{"@id":"https:\/\/blogfca.pucminas.br\/ccm\/#organization"},"potentialAction":[{"@type":"SearchAction","target":{"@type":"EntryPoint","urlTemplate":"https:\/\/blogfca.pucminas.br\/ccm\/?s={search_term_string}"},"query-input":{"@type":"PropertyValueSpecification","valueRequired":true,"valueName":"search_term_string"}}],"inLanguage":"pt-BR"},{"@type":"Organization","@id":"https:\/\/blogfca.pucminas.br\/ccm\/#organization","name":"Centro de Cirtica da M\u00eddia","url":"https:\/\/blogfca.pucminas.br\/ccm\/","logo":{"@type":"ImageObject","inLanguage":"pt-BR","@id":"https:\/\/blogfca.pucminas.br\/ccm\/#\/schema\/logo\/image\/","url":"https:\/\/blogfca.pucminas.br\/ccm\/wp-content\/uploads\/2016\/11\/logo-ccm-preto.png","contentUrl":"https:\/\/blogfca.pucminas.br\/ccm\/wp-content\/uploads\/2016\/11\/logo-ccm-preto.png","width":1191,"height":842,"caption":"Centro de Cirtica da M\u00eddia"},"image":{"@id":"https:\/\/blogfca.pucminas.br\/ccm\/#\/schema\/logo\/image\/"},"sameAs":["https:\/\/www.facebook.com\/ccmpucminas\/?ref=settings","https:\/\/x.com\/ccmpucminas","https:\/\/www.instagram.com\/ccmpucminas\/?hl=pt-br","https:\/\/www.youtube.com\/channel\/UCpKbhzfoQXgXVhkWlxSuW2w"]}]}},"_links":{"self":[{"href":"https:\/\/blogfca.pucminas.br\/ccm\/wp-json\/wp\/v2\/pages\/873","targetHints":{"allow":["GET"]}}],"collection":[{"href":"https:\/\/blogfca.pucminas.br\/ccm\/wp-json\/wp\/v2\/pages"}],"about":[{"href":"https:\/\/blogfca.pucminas.br\/ccm\/wp-json\/wp\/v2\/types\/page"}],"author":[{"embeddable":true,"href":"https:\/\/blogfca.pucminas.br\/ccm\/wp-json\/wp\/v2\/users\/16"}],"replies":[{"embeddable":true,"href":"https:\/\/blogfca.pucminas.br\/ccm\/wp-json\/wp\/v2\/comments?post=873"}],"version-history":[{"count":0,"href":"https:\/\/blogfca.pucminas.br\/ccm\/wp-json\/wp\/v2\/pages\/873\/revisions"}],"wp:attachment":[{"href":"https:\/\/blogfca.pucminas.br\/ccm\/wp-json\/wp\/v2\/media?parent=873"}],"curies":[{"name":"wp","href":"https:\/\/api.w.org\/{rel}","templated":true}]}}