{"id":1212,"date":"2017-06-07T17:35:51","date_gmt":"2017-06-07T20:35:51","guid":{"rendered":"http:\/\/ccmpucminas.com\/?page_id=1199"},"modified":"2017-06-07T17:35:51","modified_gmt":"2017-06-07T20:35:51","slug":"esportes-e-midias-entrevista-com-marcelo-barreto","status":"publish","type":"page","link":"https:\/\/blogfca.pucminas.br\/ccm\/esportes-e-midias-entrevista-com-marcelo-barreto\/","title":{"rendered":"Esportes e M\u00eddias: Entrevista com Marcelo Barreto"},"content":{"rendered":"<p style=\"text-align:justify;\">As transforma\u00e7\u00f5es no jornalismo s\u00e3o vis\u00edveis para os profissionais da \u00e1rea, principalmente com o advento da internet e a necessidade de respeitar o Outro. O jornalista Marcelo Barreto, (SporTv) discute o posicionamento do jornalista frente \u00e0s mudan\u00e7as e a necessidade de o profissional manter o senso cr\u00edtico para produzir mais do que entretenimento. Marcelo Barreto participou da mesa de abertura Semin\u00e1rio de Comunica\u00e7\u00e3o Esportiva: Ideias e M\u00eddias.<\/p>\n<p><iframe loading=\"lazy\" width=\"700\" height=\"394\" src=\"https:\/\/www.youtube.com\/embed\/i9yTj6DbUBA?feature=oembed\" frameborder=\"0\" allowfullscreen><\/iframe><\/p>\n<p>&nbsp;<\/p>\n","protected":false},"excerpt":{"rendered":"<p>As transforma\u00e7\u00f5es no jornalismo s\u00e3o vis\u00edveis para os profissionais da \u00e1rea, principalmente com o advento da internet e a necessidade de respeitar o Outro. O jornalista Marcelo Barreto, (SporTv) discute o posicionamento do jornalista frente \u00e0s mudan\u00e7as e a necessidade de o profissional manter o senso cr\u00edtico para produzir mais do que entretenimento. Marcelo Barreto&hellip;<\/p>\n","protected":false},"author":16,"featured_media":0,"parent":0,"menu_order":0,"comment_status":"closed","ping_status":"closed","template":"","meta":{"footnotes":""},"class_list":["post-1212","page","type-page","status-publish","hentry"],"yoast_head":"<!-- This site is optimized with the Yoast SEO plugin v27.2 - https:\/\/yoast.com\/product\/yoast-seo-wordpress\/ -->\n<title>Esportes e M\u00eddias: Entrevista com Marcelo Barreto - Centro de Cr\u00edtica Da M\u00eddia<\/title>\n<meta name=\"robots\" content=\"index, follow, max-snippet:-1, max-image-preview:large, max-video-preview:-1\" \/>\n<link rel=\"canonical\" href=\"https:\/\/blogfca.pucminas.br\/ccm\/esportes-e-midias-entrevista-com-marcelo-barreto\/\" \/>\n<meta property=\"og:locale\" content=\"pt_BR\" \/>\n<meta property=\"og:type\" content=\"article\" \/>\n<meta property=\"og:title\" content=\"Esportes e M\u00eddias: Entrevista com Marcelo Barreto - Centro de Cr\u00edtica Da M\u00eddia\" \/>\n<meta property=\"og:description\" content=\"As transforma\u00e7\u00f5es no jornalismo s\u00e3o vis\u00edveis para os profissionais da \u00e1rea, principalmente com o advento da internet e a necessidade de respeitar o Outro. O jornalista Marcelo Barreto, (SporTv) discute o posicionamento do jornalista frente \u00e0s mudan\u00e7as e a necessidade de o profissional manter o senso cr\u00edtico para produzir mais do que entretenimento. Marcelo Barreto&hellip;\" \/>\n<meta property=\"og:url\" content=\"https:\/\/blogfca.pucminas.br\/ccm\/esportes-e-midias-entrevista-com-marcelo-barreto\/\" \/>\n<meta property=\"og:site_name\" content=\"Centro de Cr\u00edtica Da M\u00eddia\" \/>\n<meta property=\"article:publisher\" content=\"https:\/\/www.facebook.com\/ccmpucminas\/?ref=settings\" \/>\n<meta name=\"twitter:card\" content=\"summary_large_image\" \/>\n<meta name=\"twitter:site\" content=\"@ccmpucminas\" \/>\n<script type=\"application\/ld+json\" class=\"yoast-schema-graph\">{\"@context\":\"https:\/\/schema.org\",\"@graph\":[{\"@type\":\"WebPage\",\"@id\":\"https:\/\/blogfca.pucminas.br\/ccm\/esportes-e-midias-entrevista-com-marcelo-barreto\/\",\"url\":\"https:\/\/blogfca.pucminas.br\/ccm\/esportes-e-midias-entrevista-com-marcelo-barreto\/\",\"name\":\"Esportes e M\u00eddias: Entrevista com Marcelo Barreto - Centro de Cr\u00edtica Da M\u00eddia\",\"isPartOf\":{\"@id\":\"https:\/\/blogfca.pucminas.br\/ccm\/#website\"},\"datePublished\":\"2017-06-07T20:35:51+00:00\",\"breadcrumb\":{\"@id\":\"https:\/\/blogfca.pucminas.br\/ccm\/esportes-e-midias-entrevista-com-marcelo-barreto\/#breadcrumb\"},\"inLanguage\":\"pt-BR\",\"potentialAction\":[{\"@type\":\"ReadAction\",\"target\":[\"https:\/\/blogfca.pucminas.br\/ccm\/esportes-e-midias-entrevista-com-marcelo-barreto\/\"]}]},{\"@type\":\"BreadcrumbList\",\"@id\":\"https:\/\/blogfca.pucminas.br\/ccm\/esportes-e-midias-entrevista-com-marcelo-barreto\/#breadcrumb\",\"itemListElement\":[{\"@type\":\"ListItem\",\"position\":1,\"name\":\"Home\",\"item\":\"https:\/\/blogfca.pucminas.br\/ccm\/\"},{\"@type\":\"ListItem\",\"position\":2,\"name\":\"Esportes e M\u00eddias: Entrevista com Marcelo Barreto\"}]},{\"@type\":\"WebSite\",\"@id\":\"https:\/\/blogfca.pucminas.br\/ccm\/#website\",\"url\":\"https:\/\/blogfca.pucminas.br\/ccm\/\",\"name\":\"Centro de Cr\u00edtica da M\u00eddia\",\"description\":\"\",\"publisher\":{\"@id\":\"https:\/\/blogfca.pucminas.br\/ccm\/#organization\"},\"potentialAction\":[{\"@type\":\"SearchAction\",\"target\":{\"@type\":\"EntryPoint\",\"urlTemplate\":\"https:\/\/blogfca.pucminas.br\/ccm\/?s={search_term_string}\"},\"query-input\":{\"@type\":\"PropertyValueSpecification\",\"valueRequired\":true,\"valueName\":\"search_term_string\"}}],\"inLanguage\":\"pt-BR\"},{\"@type\":\"Organization\",\"@id\":\"https:\/\/blogfca.pucminas.br\/ccm\/#organization\",\"name\":\"Centro de Cirtica da M\u00eddia\",\"url\":\"https:\/\/blogfca.pucminas.br\/ccm\/\",\"logo\":{\"@type\":\"ImageObject\",\"inLanguage\":\"pt-BR\",\"@id\":\"https:\/\/blogfca.pucminas.br\/ccm\/#\/schema\/logo\/image\/\",\"url\":\"https:\/\/blogfca.pucminas.br\/ccm\/wp-content\/uploads\/2016\/11\/logo-ccm-preto.png\",\"contentUrl\":\"https:\/\/blogfca.pucminas.br\/ccm\/wp-content\/uploads\/2016\/11\/logo-ccm-preto.png\",\"width\":1191,\"height\":842,\"caption\":\"Centro de Cirtica da M\u00eddia\"},\"image\":{\"@id\":\"https:\/\/blogfca.pucminas.br\/ccm\/#\/schema\/logo\/image\/\"},\"sameAs\":[\"https:\/\/www.facebook.com\/ccmpucminas\/?ref=settings\",\"https:\/\/x.com\/ccmpucminas\",\"https:\/\/www.instagram.com\/ccmpucminas\/?hl=pt-br\",\"https:\/\/www.youtube.com\/channel\/UCpKbhzfoQXgXVhkWlxSuW2w\"]}]}<\/script>\n<!-- \/ Yoast SEO plugin. -->","yoast_head_json":{"title":"Esportes e M\u00eddias: Entrevista com Marcelo Barreto - Centro de Cr\u00edtica Da M\u00eddia","robots":{"index":"index","follow":"follow","max-snippet":"max-snippet:-1","max-image-preview":"max-image-preview:large","max-video-preview":"max-video-preview:-1"},"canonical":"https:\/\/blogfca.pucminas.br\/ccm\/esportes-e-midias-entrevista-com-marcelo-barreto\/","og_locale":"pt_BR","og_type":"article","og_title":"Esportes e M\u00eddias: Entrevista com Marcelo Barreto - Centro de Cr\u00edtica Da M\u00eddia","og_description":"As transforma\u00e7\u00f5es no jornalismo s\u00e3o vis\u00edveis para os profissionais da \u00e1rea, principalmente com o advento da internet e a necessidade de respeitar o Outro. O jornalista Marcelo Barreto, (SporTv) discute o posicionamento do jornalista frente \u00e0s mudan\u00e7as e a necessidade de o profissional manter o senso cr\u00edtico para produzir mais do que entretenimento. Marcelo Barreto&hellip;","og_url":"https:\/\/blogfca.pucminas.br\/ccm\/esportes-e-midias-entrevista-com-marcelo-barreto\/","og_site_name":"Centro de Cr\u00edtica Da M\u00eddia","article_publisher":"https:\/\/www.facebook.com\/ccmpucminas\/?ref=settings","twitter_card":"summary_large_image","twitter_site":"@ccmpucminas","schema":{"@context":"https:\/\/schema.org","@graph":[{"@type":"WebPage","@id":"https:\/\/blogfca.pucminas.br\/ccm\/esportes-e-midias-entrevista-com-marcelo-barreto\/","url":"https:\/\/blogfca.pucminas.br\/ccm\/esportes-e-midias-entrevista-com-marcelo-barreto\/","name":"Esportes e M\u00eddias: Entrevista com Marcelo Barreto - Centro de Cr\u00edtica Da M\u00eddia","isPartOf":{"@id":"https:\/\/blogfca.pucminas.br\/ccm\/#website"},"datePublished":"2017-06-07T20:35:51+00:00","breadcrumb":{"@id":"https:\/\/blogfca.pucminas.br\/ccm\/esportes-e-midias-entrevista-com-marcelo-barreto\/#breadcrumb"},"inLanguage":"pt-BR","potentialAction":[{"@type":"ReadAction","target":["https:\/\/blogfca.pucminas.br\/ccm\/esportes-e-midias-entrevista-com-marcelo-barreto\/"]}]},{"@type":"BreadcrumbList","@id":"https:\/\/blogfca.pucminas.br\/ccm\/esportes-e-midias-entrevista-com-marcelo-barreto\/#breadcrumb","itemListElement":[{"@type":"ListItem","position":1,"name":"Home","item":"https:\/\/blogfca.pucminas.br\/ccm\/"},{"@type":"ListItem","position":2,"name":"Esportes e M\u00eddias: Entrevista com Marcelo Barreto"}]},{"@type":"WebSite","@id":"https:\/\/blogfca.pucminas.br\/ccm\/#website","url":"https:\/\/blogfca.pucminas.br\/ccm\/","name":"Centro de Cr\u00edtica da M\u00eddia","description":"","publisher":{"@id":"https:\/\/blogfca.pucminas.br\/ccm\/#organization"},"potentialAction":[{"@type":"SearchAction","target":{"@type":"EntryPoint","urlTemplate":"https:\/\/blogfca.pucminas.br\/ccm\/?s={search_term_string}"},"query-input":{"@type":"PropertyValueSpecification","valueRequired":true,"valueName":"search_term_string"}}],"inLanguage":"pt-BR"},{"@type":"Organization","@id":"https:\/\/blogfca.pucminas.br\/ccm\/#organization","name":"Centro de Cirtica da M\u00eddia","url":"https:\/\/blogfca.pucminas.br\/ccm\/","logo":{"@type":"ImageObject","inLanguage":"pt-BR","@id":"https:\/\/blogfca.pucminas.br\/ccm\/#\/schema\/logo\/image\/","url":"https:\/\/blogfca.pucminas.br\/ccm\/wp-content\/uploads\/2016\/11\/logo-ccm-preto.png","contentUrl":"https:\/\/blogfca.pucminas.br\/ccm\/wp-content\/uploads\/2016\/11\/logo-ccm-preto.png","width":1191,"height":842,"caption":"Centro de Cirtica da M\u00eddia"},"image":{"@id":"https:\/\/blogfca.pucminas.br\/ccm\/#\/schema\/logo\/image\/"},"sameAs":["https:\/\/www.facebook.com\/ccmpucminas\/?ref=settings","https:\/\/x.com\/ccmpucminas","https:\/\/www.instagram.com\/ccmpucminas\/?hl=pt-br","https:\/\/www.youtube.com\/channel\/UCpKbhzfoQXgXVhkWlxSuW2w"]}]}},"_links":{"self":[{"href":"https:\/\/blogfca.pucminas.br\/ccm\/wp-json\/wp\/v2\/pages\/1212","targetHints":{"allow":["GET"]}}],"collection":[{"href":"https:\/\/blogfca.pucminas.br\/ccm\/wp-json\/wp\/v2\/pages"}],"about":[{"href":"https:\/\/blogfca.pucminas.br\/ccm\/wp-json\/wp\/v2\/types\/page"}],"author":[{"embeddable":true,"href":"https:\/\/blogfca.pucminas.br\/ccm\/wp-json\/wp\/v2\/users\/16"}],"replies":[{"embeddable":true,"href":"https:\/\/blogfca.pucminas.br\/ccm\/wp-json\/wp\/v2\/comments?post=1212"}],"version-history":[{"count":0,"href":"https:\/\/blogfca.pucminas.br\/ccm\/wp-json\/wp\/v2\/pages\/1212\/revisions"}],"wp:attachment":[{"href":"https:\/\/blogfca.pucminas.br\/ccm\/wp-json\/wp\/v2\/media?parent=1212"}],"curies":[{"name":"wp","href":"https:\/\/api.w.org\/{rel}","templated":true}]}}