{"id":1086,"date":"2017-05-12T14:21:16","date_gmt":"2017-05-12T17:21:16","guid":{"rendered":"http:\/\/ccmpucminas.com\/?page_id=1086"},"modified":"2017-05-12T14:21:16","modified_gmt":"2017-05-12T17:21:16","slug":"critica-de-midia-e-arte-urbana-manifestacoes-culturais-e-visibilidades-perifericas","status":"publish","type":"page","link":"https:\/\/blogfca.pucminas.br\/ccm\/critica-de-midia-e-arte-urbana-manifestacoes-culturais-e-visibilidades-perifericas\/","title":{"rendered":"Narrativas em confronto: Entrevista com Rosana Soares"},"content":{"rendered":"<p style=\"text-align:justify;\">Em um conflito polif\u00f4nico, diversas narrativas se confrontam sobre a vida urbana na grande cidade de S\u00e3o Paulo. A professora Rosana Lima Soares (Escola de Comunica\u00e7\u00f5es e Artes da USP) ministrou a oficina \u201cCr\u00edtica da M\u00eddia e Arte Urbana: manifesta\u00e7\u00f5es culturais e visibilidades perif\u00e9ricas\u201d, examinando com os alunos da PUC Minas o papel da m\u00eddia na disputa pelo espa\u00e7o urbano. A discuss\u00e3o abordou as propostas de \u201chigieniza\u00e7\u00e3o\u201d e o conservadorismo progressivo da capital paulistana ap\u00f3s a elei\u00e7\u00e3o do prefeito Jo\u00e3o Doria Junior (PSDB). Seu programa \u201cCidade Linda\u201d criou um caos de vozes nas m\u00eddias, ap\u00f3s cobrir de cinza os grafites da metr\u00f3pole, acendendo novas reflex\u00f5es sobre as disputas de espa\u00e7os e poder.<\/p>\n<p style=\"text-align:justify;\"><iframe loading=\"lazy\" width=\"700\" height=\"394\" src=\"https:\/\/www.youtube.com\/embed\/JFFPQ-5N33o?feature=oembed\" frameborder=\"0\" allowfullscreen><\/iframe><\/p>\n","protected":false},"excerpt":{"rendered":"<p>Em um conflito polif\u00f4nico, diversas narrativas se confrontam sobre a vida urbana na grande cidade de S\u00e3o Paulo. A professora Rosana Lima Soares (Escola de Comunica\u00e7\u00f5es e Artes da USP) ministrou a oficina \u201cCr\u00edtica da M\u00eddia e Arte Urbana: manifesta\u00e7\u00f5es culturais e visibilidades perif\u00e9ricas\u201d, examinando com os alunos da PUC Minas o papel da m\u00eddia&hellip;<\/p>\n","protected":false},"author":16,"featured_media":0,"parent":0,"menu_order":0,"comment_status":"closed","ping_status":"closed","template":"","meta":{"footnotes":""},"class_list":["post-1086","page","type-page","status-publish","hentry"],"yoast_head":"<!-- This site is optimized with the Yoast SEO plugin v27.2 - https:\/\/yoast.com\/product\/yoast-seo-wordpress\/ -->\n<title>Narrativas em confronto: Entrevista com Rosana Soares - Centro de Cr\u00edtica Da M\u00eddia<\/title>\n<meta name=\"robots\" content=\"index, follow, max-snippet:-1, max-image-preview:large, max-video-preview:-1\" \/>\n<link rel=\"canonical\" href=\"https:\/\/blogfca.pucminas.br\/ccm\/critica-de-midia-e-arte-urbana-manifestacoes-culturais-e-visibilidades-perifericas\/\" \/>\n<meta property=\"og:locale\" content=\"pt_BR\" \/>\n<meta property=\"og:type\" content=\"article\" \/>\n<meta property=\"og:title\" content=\"Narrativas em confronto: Entrevista com Rosana Soares - Centro de Cr\u00edtica Da M\u00eddia\" \/>\n<meta property=\"og:description\" content=\"Em um conflito polif\u00f4nico, diversas narrativas se confrontam sobre a vida urbana na grande cidade de S\u00e3o Paulo. A professora Rosana Lima Soares (Escola de Comunica\u00e7\u00f5es e Artes da USP) ministrou a oficina \u201cCr\u00edtica da M\u00eddia e Arte Urbana: manifesta\u00e7\u00f5es culturais e visibilidades perif\u00e9ricas\u201d, examinando com os alunos da PUC Minas o papel da m\u00eddia&hellip;\" \/>\n<meta property=\"og:url\" content=\"https:\/\/blogfca.pucminas.br\/ccm\/critica-de-midia-e-arte-urbana-manifestacoes-culturais-e-visibilidades-perifericas\/\" \/>\n<meta property=\"og:site_name\" content=\"Centro de Cr\u00edtica Da M\u00eddia\" \/>\n<meta property=\"article:publisher\" content=\"https:\/\/www.facebook.com\/ccmpucminas\/?ref=settings\" \/>\n<meta name=\"twitter:card\" content=\"summary_large_image\" \/>\n<meta name=\"twitter:site\" content=\"@ccmpucminas\" \/>\n<meta name=\"twitter:label1\" content=\"Est. tempo de leitura\" \/>\n\t<meta name=\"twitter:data1\" content=\"1 minuto\" \/>\n<script type=\"application\/ld+json\" class=\"yoast-schema-graph\">{\"@context\":\"https:\/\/schema.org\",\"@graph\":[{\"@type\":\"WebPage\",\"@id\":\"https:\/\/blogfca.pucminas.br\/ccm\/critica-de-midia-e-arte-urbana-manifestacoes-culturais-e-visibilidades-perifericas\/\",\"url\":\"https:\/\/blogfca.pucminas.br\/ccm\/critica-de-midia-e-arte-urbana-manifestacoes-culturais-e-visibilidades-perifericas\/\",\"name\":\"Narrativas em confronto: Entrevista com Rosana Soares - Centro de Cr\u00edtica Da M\u00eddia\",\"isPartOf\":{\"@id\":\"https:\/\/blogfca.pucminas.br\/ccm\/#website\"},\"datePublished\":\"2017-05-12T17:21:16+00:00\",\"breadcrumb\":{\"@id\":\"https:\/\/blogfca.pucminas.br\/ccm\/critica-de-midia-e-arte-urbana-manifestacoes-culturais-e-visibilidades-perifericas\/#breadcrumb\"},\"inLanguage\":\"pt-BR\",\"potentialAction\":[{\"@type\":\"ReadAction\",\"target\":[\"https:\/\/blogfca.pucminas.br\/ccm\/critica-de-midia-e-arte-urbana-manifestacoes-culturais-e-visibilidades-perifericas\/\"]}]},{\"@type\":\"BreadcrumbList\",\"@id\":\"https:\/\/blogfca.pucminas.br\/ccm\/critica-de-midia-e-arte-urbana-manifestacoes-culturais-e-visibilidades-perifericas\/#breadcrumb\",\"itemListElement\":[{\"@type\":\"ListItem\",\"position\":1,\"name\":\"Home\",\"item\":\"https:\/\/blogfca.pucminas.br\/ccm\/\"},{\"@type\":\"ListItem\",\"position\":2,\"name\":\"Narrativas em confronto: Entrevista com Rosana Soares\"}]},{\"@type\":\"WebSite\",\"@id\":\"https:\/\/blogfca.pucminas.br\/ccm\/#website\",\"url\":\"https:\/\/blogfca.pucminas.br\/ccm\/\",\"name\":\"Centro de Cr\u00edtica da M\u00eddia\",\"description\":\"\",\"publisher\":{\"@id\":\"https:\/\/blogfca.pucminas.br\/ccm\/#organization\"},\"potentialAction\":[{\"@type\":\"SearchAction\",\"target\":{\"@type\":\"EntryPoint\",\"urlTemplate\":\"https:\/\/blogfca.pucminas.br\/ccm\/?s={search_term_string}\"},\"query-input\":{\"@type\":\"PropertyValueSpecification\",\"valueRequired\":true,\"valueName\":\"search_term_string\"}}],\"inLanguage\":\"pt-BR\"},{\"@type\":\"Organization\",\"@id\":\"https:\/\/blogfca.pucminas.br\/ccm\/#organization\",\"name\":\"Centro de Cirtica da M\u00eddia\",\"url\":\"https:\/\/blogfca.pucminas.br\/ccm\/\",\"logo\":{\"@type\":\"ImageObject\",\"inLanguage\":\"pt-BR\",\"@id\":\"https:\/\/blogfca.pucminas.br\/ccm\/#\/schema\/logo\/image\/\",\"url\":\"https:\/\/blogfca.pucminas.br\/ccm\/wp-content\/uploads\/2016\/11\/logo-ccm-preto.png\",\"contentUrl\":\"https:\/\/blogfca.pucminas.br\/ccm\/wp-content\/uploads\/2016\/11\/logo-ccm-preto.png\",\"width\":1191,\"height\":842,\"caption\":\"Centro de Cirtica da M\u00eddia\"},\"image\":{\"@id\":\"https:\/\/blogfca.pucminas.br\/ccm\/#\/schema\/logo\/image\/\"},\"sameAs\":[\"https:\/\/www.facebook.com\/ccmpucminas\/?ref=settings\",\"https:\/\/x.com\/ccmpucminas\",\"https:\/\/www.instagram.com\/ccmpucminas\/?hl=pt-br\",\"https:\/\/www.youtube.com\/channel\/UCpKbhzfoQXgXVhkWlxSuW2w\"]}]}<\/script>\n<!-- \/ Yoast SEO plugin. -->","yoast_head_json":{"title":"Narrativas em confronto: Entrevista com Rosana Soares - Centro de Cr\u00edtica Da M\u00eddia","robots":{"index":"index","follow":"follow","max-snippet":"max-snippet:-1","max-image-preview":"max-image-preview:large","max-video-preview":"max-video-preview:-1"},"canonical":"https:\/\/blogfca.pucminas.br\/ccm\/critica-de-midia-e-arte-urbana-manifestacoes-culturais-e-visibilidades-perifericas\/","og_locale":"pt_BR","og_type":"article","og_title":"Narrativas em confronto: Entrevista com Rosana Soares - Centro de Cr\u00edtica Da M\u00eddia","og_description":"Em um conflito polif\u00f4nico, diversas narrativas se confrontam sobre a vida urbana na grande cidade de S\u00e3o Paulo. A professora Rosana Lima Soares (Escola de Comunica\u00e7\u00f5es e Artes da USP) ministrou a oficina \u201cCr\u00edtica da M\u00eddia e Arte Urbana: manifesta\u00e7\u00f5es culturais e visibilidades perif\u00e9ricas\u201d, examinando com os alunos da PUC Minas o papel da m\u00eddia&hellip;","og_url":"https:\/\/blogfca.pucminas.br\/ccm\/critica-de-midia-e-arte-urbana-manifestacoes-culturais-e-visibilidades-perifericas\/","og_site_name":"Centro de Cr\u00edtica Da M\u00eddia","article_publisher":"https:\/\/www.facebook.com\/ccmpucminas\/?ref=settings","twitter_card":"summary_large_image","twitter_site":"@ccmpucminas","twitter_misc":{"Est. tempo de leitura":"1 minuto"},"schema":{"@context":"https:\/\/schema.org","@graph":[{"@type":"WebPage","@id":"https:\/\/blogfca.pucminas.br\/ccm\/critica-de-midia-e-arte-urbana-manifestacoes-culturais-e-visibilidades-perifericas\/","url":"https:\/\/blogfca.pucminas.br\/ccm\/critica-de-midia-e-arte-urbana-manifestacoes-culturais-e-visibilidades-perifericas\/","name":"Narrativas em confronto: Entrevista com Rosana Soares - Centro de Cr\u00edtica Da M\u00eddia","isPartOf":{"@id":"https:\/\/blogfca.pucminas.br\/ccm\/#website"},"datePublished":"2017-05-12T17:21:16+00:00","breadcrumb":{"@id":"https:\/\/blogfca.pucminas.br\/ccm\/critica-de-midia-e-arte-urbana-manifestacoes-culturais-e-visibilidades-perifericas\/#breadcrumb"},"inLanguage":"pt-BR","potentialAction":[{"@type":"ReadAction","target":["https:\/\/blogfca.pucminas.br\/ccm\/critica-de-midia-e-arte-urbana-manifestacoes-culturais-e-visibilidades-perifericas\/"]}]},{"@type":"BreadcrumbList","@id":"https:\/\/blogfca.pucminas.br\/ccm\/critica-de-midia-e-arte-urbana-manifestacoes-culturais-e-visibilidades-perifericas\/#breadcrumb","itemListElement":[{"@type":"ListItem","position":1,"name":"Home","item":"https:\/\/blogfca.pucminas.br\/ccm\/"},{"@type":"ListItem","position":2,"name":"Narrativas em confronto: Entrevista com Rosana Soares"}]},{"@type":"WebSite","@id":"https:\/\/blogfca.pucminas.br\/ccm\/#website","url":"https:\/\/blogfca.pucminas.br\/ccm\/","name":"Centro de Cr\u00edtica da M\u00eddia","description":"","publisher":{"@id":"https:\/\/blogfca.pucminas.br\/ccm\/#organization"},"potentialAction":[{"@type":"SearchAction","target":{"@type":"EntryPoint","urlTemplate":"https:\/\/blogfca.pucminas.br\/ccm\/?s={search_term_string}"},"query-input":{"@type":"PropertyValueSpecification","valueRequired":true,"valueName":"search_term_string"}}],"inLanguage":"pt-BR"},{"@type":"Organization","@id":"https:\/\/blogfca.pucminas.br\/ccm\/#organization","name":"Centro de Cirtica da M\u00eddia","url":"https:\/\/blogfca.pucminas.br\/ccm\/","logo":{"@type":"ImageObject","inLanguage":"pt-BR","@id":"https:\/\/blogfca.pucminas.br\/ccm\/#\/schema\/logo\/image\/","url":"https:\/\/blogfca.pucminas.br\/ccm\/wp-content\/uploads\/2016\/11\/logo-ccm-preto.png","contentUrl":"https:\/\/blogfca.pucminas.br\/ccm\/wp-content\/uploads\/2016\/11\/logo-ccm-preto.png","width":1191,"height":842,"caption":"Centro de Cirtica da M\u00eddia"},"image":{"@id":"https:\/\/blogfca.pucminas.br\/ccm\/#\/schema\/logo\/image\/"},"sameAs":["https:\/\/www.facebook.com\/ccmpucminas\/?ref=settings","https:\/\/x.com\/ccmpucminas","https:\/\/www.instagram.com\/ccmpucminas\/?hl=pt-br","https:\/\/www.youtube.com\/channel\/UCpKbhzfoQXgXVhkWlxSuW2w"]}]}},"_links":{"self":[{"href":"https:\/\/blogfca.pucminas.br\/ccm\/wp-json\/wp\/v2\/pages\/1086","targetHints":{"allow":["GET"]}}],"collection":[{"href":"https:\/\/blogfca.pucminas.br\/ccm\/wp-json\/wp\/v2\/pages"}],"about":[{"href":"https:\/\/blogfca.pucminas.br\/ccm\/wp-json\/wp\/v2\/types\/page"}],"author":[{"embeddable":true,"href":"https:\/\/blogfca.pucminas.br\/ccm\/wp-json\/wp\/v2\/users\/16"}],"replies":[{"embeddable":true,"href":"https:\/\/blogfca.pucminas.br\/ccm\/wp-json\/wp\/v2\/comments?post=1086"}],"version-history":[{"count":0,"href":"https:\/\/blogfca.pucminas.br\/ccm\/wp-json\/wp\/v2\/pages\/1086\/revisions"}],"wp:attachment":[{"href":"https:\/\/blogfca.pucminas.br\/ccm\/wp-json\/wp\/v2\/media?parent=1086"}],"curies":[{"name":"wp","href":"https:\/\/api.w.org\/{rel}","templated":true}]}}